 divisor of d and 130.
13
Let c be (-2)/((-2)/37) + 2. Calculate the highest common divisor of 26 and c.
13
Let f be (-60)/(-6) + 1/(-1). Suppose -4*q + 23 = -f. Suppose 0 = -3*o - o + 32. Calculate the highest common divisor of o and q.
8
Let w(h) = h**3 + h**2 + 15. Let v be w(0). Let n(m) = -m**3 + m**2 - 3*m. Let g be n(-5). Calculate the greatest common divisor of g and v.
15
Suppose 2*l = 4*f - 156, f - 3*l = 2*l + 39. What is the greatest common factor of 351 and f?
39
Let c(p) = -p**2 + 14*p - 6. Let j(z) = z**2 - 15*z + 7. Let s(d) = 3*c(d) + 2*j(d). Let w be s(8). What is the greatest common factor of 140 and w?
28
Suppose -5*y = -2*j - 70, -j + 2*y = 4*j + 217. Let x = j + 125. What is the highest common divisor of 32 and x?
16
Suppose t - 3*b - 20 = 0, -3*t = -2*b + 3*b - 110. What is the highest common divisor of 385 and t?
35
Let c(p) = 3*p - 1. Let w be c(5). Calculate the greatest common factor of w and 14.
14
Let k = 3516 - 2490. Suppose u - 3*z + k = 6*u, -1038 = -5*u + z. What is the greatest common factor of 23 and u?
23
Let r(l) = -l + 10. Let g be r(11). Let s(x) be the second derivative of -2*x**3 - x**2/2 + x. Let j be s(g). Calculate the greatest common divisor of 88 and j.
11
Let f(q) = -q - 2. Let k be f(0). Let l be (15 - 1) + -1 - k. What is the greatest common divisor of 3 and l?
3
Let y = -8 - -11. Suppose 4*u - 3*r + 19 = 0, -2*u - y*u + 10 = 3*r. Let p = 1 - u. What is the highest common divisor of 22 and p?
2
Suppose z - 1252 = -3*z. Let p be z/5 - 4/(-10). Let v(y) = y + 1. Let c be v(8). Calculate the greatest common divisor of p and c.
9
Suppose -2*j + 3*d + 22 = 0, 4*j - d = -j + 29. Suppose -20 = -6*m + j*m. What is the highest common factor of 2 and m?
2
Suppose -2*t + 6*t - 40 = 0. Suppose 3*j + 2*j = t. Suppose -5*d - 27 = -j*i - 2*i, 0 = i + 2*d - 10. What is the greatest common factor of 88 and i?
8
Let i = 1 + 0. Let c be i/(-1) + (-4)/2. Let x(b) = 6*b**2 + 2*b - 3. Let k be x(c). Calculate the highest common factor of k and 15.
15
Let n be 3/((27/24)/3). Suppose -n = 5*i - 38. What is the greatest common divisor of 4 and i?
2
Suppose -q - 3*i = -0*q - 187, 0 = -3*i. Calculate the greatest common factor of 11 and q.
11
Let k be (1 - 4/(-6))*-3. Let s be k/(-15) + 22/6. Calculate the highest common divisor of 1 and s.
1
Let o = 19 + -7. Calculate the greatest common factor of 30 and o.
6
Let a(f) = -4*f. Let c be a(-1). Let v be c + ((-2)/(-1))/(-2). What is the highest common divisor of 24 and v?
3
Suppose -3*k + 8*k = -25. Let n be 1*(0 - k) + -2. Suppose n*h + 15 = 0, -3*h = 2*j - 2*h - 155. What is the greatest common factor of 32 and j?
16
Let k = -7 - -8. What is the greatest common factor of k and 10?
1
Let l = 12 - 8. Suppose 4*g - l = 260. Let p = 10 - 4. Calculate the highest common divisor of p and g.
6
Suppose -5*g + q + 54 + 131 = 0, 5*q - 74 = -2*g. What is the greatest common factor of g and 148?
37
Suppose 14 = 3*n + 5. Suppose 2*w = n*w - 18. Suppose 2*v - 7*v + u + 988 = 0, -2*v - 3*u + 402 = 0. Calculate the highest common factor of v and w.
18
Let g be 11 + 4/(-4) + -2. Let h be g*(5 + 3) + -1. Calculate the highest common divisor of 7 and h.
7
Let a = 3 - 5. Let z = 7 + a. Suppose -z*g - 17 = -67. What is the greatest common factor of 40 and g?
10
Let c(m) = -m**3 + 7*m**2 - 8*m + 6. Let w be c(5). Suppose 7 = 3*y + 5*u, 3*u = y + 7*u. What is the greatest common factor of w and y?
4
Let u be -2 + (-5)/(-4) - 102/(-8). Suppose -4*d + g - 3*g = -92, 5*d + 5*g - 110 = 0. Calculate the highest common divisor of u and d.
12
Suppose -4*o - 2*l = -30, -5*o - l + 30 + 12 = 0. Calculate the highest common factor of o and 27.
9
Let f(a) = a**2 - 10*a - 1. Let l be f(7). Let v = -12 - l. Calculate the highest common factor of v and 15.
5
Let d = 41 + -25. Calculate the highest common factor of 128 and d.
16
Let o(s) = 4*s**2 + 2*s + 3. Let r(n) = -2*n + 2. Let x be r(2). Let a be o(x). Suppose -5*g + a = -0*g. Calculate the highest common factor of 6 and g.
3
Suppose 3*a + 27 - 6 = 3*s, s + a - 1 = 0. What is the greatest common factor of s and 32?
4
Suppose 20 = -4*a, 4*k - 96 = 4*a + 8. Calculate the highest common divisor of 3 and k.
3
Let a = -19 + 28. Let i = -7 + a. Suppose -i*s + 64 = -s. What is the greatest common divisor of s and 16?
16
Suppose 6*g = 35 + 31. Calculate the greatest common divisor of 1 and g.
1
Suppose 6*r = 211 + 83. Calculate the greatest common factor of r and 539.
49
Suppose 20 = 2*g + 3*g, 4*b - 40 = -3*g. What is the highest common divisor of b and 35?
7
Let f(c) = -c**3 - 2*c**2 - 2*c - 1. Let u be f(-2). Suppose -u - 1 = -v. Calculate the greatest common divisor of v and 20.
4
Let f(v) = -51*v - 12. Let g be f(-2). What is the greatest common divisor of 30 and g?
30
Let v = 24 - 22. What is the greatest common factor of v and 18?
2
Suppose 7 = m + 4. Suppose -m*t + 612 = 222. What is the highest common factor of 52 and t?
26
Let m = 120 - 113. What is the highest common divisor of 56 and m?
7
Let o(n) = 12*n + 4. Let g(z) = z**3 + 6*z**2 + 4*z - 2. Let r be g(-5). Let q be o(r). What is the highest common divisor of 20 and q?
20
Let k = -100 + 158. Calculate the greatest common factor of 29 and k.
29
Suppose 0 = 2*f - 28 + 16. What is the highest common divisor of 4 and f?
2
Suppose -3*m + 2*z = -22, 5*z - 64 = -4*m - 4. What is the greatest common divisor of 10 and m?
10
Let v = -21 + 47. Let j(o) = -4*o**3 + 2*o**2 + 2*o. Let c be j(-2). Suppose c = 4*f - 16. Calculate the highest common factor of v and f.
13
Suppose -l - 3 = -15. What is the greatest common factor of l and 132?
12
Let c be 156/(-8)*28/(-6). Let g be 14 - (0/2 + 1). What is the highest common factor of g and c?
13
Let q(k) = -k + 1. Let v be q(-4). Suppose t - 26 = -v*l + 5, 0 = l - 4*t - 2. Calculate the greatest common factor of l and 42.
6
Suppose 3*o = 4*o - 2*i + 2, 0 = -o + i. Suppose o*z + 7 + 2 = l, -5*z = -20. Calculate the highest common divisor of 136 and l.
17
Let a = -30 + 81. Calculate the highest common divisor of 357 and a.
51
Let o = 690 + -346. Calculate the greatest common factor of 43 and o.
43
Let s be (-6 - -2)*(-1)/(-4). Let h be s + 84/((-6)/(-2)). Suppose -2*r + 27 = r. What is the greatest common divisor of h and r?
9
Let d be 4 - 50/(-6 - -1). Calculate the highest common factor of 21 and d.
7
Suppose 4 = 7*d - 3*d. Suppose g = 2*g - d. Suppose g + 11 = c. What is the highest common divisor of 60 and c?
12
Let a(l) = 2*l - 10. Let m be a(8). What is the highest common divisor of m and 42?
6
Suppose 66 - 198 = -3*s. Calculate the highest common factor of 11 and s.
11
Let s be (-5)/(-10)*12 + 0/(-2). Calculate the highest common factor of 15 and s.
3
Let h(p) = 2*p**2 - 7*p - 1. Let x be h(5). Let b = -80 - -115. Calculate the greatest common factor of b and x.
7
Suppose i - 20 - 15 = 0. Let d = i + -5. Calculate the highest common divisor of d and 75.
15
Suppose -4*v + 120 = 2*i, v = 2*i - 4*i + 27. Let k = -21 + v. Suppose 2*x = 5*r - x - 109, 2*x = -6. What is the highest common divisor of k and r?
10
Let y = -5 + 8. Suppose -26 = -2*q - 5*n, -y*n + 2*n - 27 = -q. Let o = -20 - -43. What is the highest common factor of q and o?
23
Let p = 112 - 78. Calculate the greatest common divisor of 51 and p.
17
Let b = -61 - -67. What is the highest common divisor of b and 2?
2
Let n(y) = -12*y - 4. Let b be n(-10). Let q = b + -61. What is the greatest common factor of q and 22?
11
Let r(n) = -n**3 + n**2 + 3. Let l be r(0). What is the greatest common divisor of 33 and l?
3
Suppose -3*l = 2*l - 15. Suppose -2*v = -3*m + 268, -l*v = -2*v - 1. Suppose -2 = -2*d + 18. Calculate the greatest common divisor of d and m.
10
Suppose -6*w - 126 + 174 = 0. What is the greatest common factor of 24 and w?
8
Suppose 0 = 17*y - 12*y - 30. Suppose -18 = -4*l + l. Calculate the highest common factor of y and l.
6
Suppose z - 70 = -2*j - 2*z, j = 3*z + 26. What is the highest common factor of j and 16?
16
Let n = -32 - -50. What is the highest common factor of n and 6?
6
Let k(w) = -6*w. Let p be k(-6). Suppose -12 = 3*j - 5*t, t = -2*t + 9. Suppose -u = j - 10. Calculate the highest common divisor of u and p.
9
Let d be 270/(-20)*(-2)/3. What is the greatest common divisor of d